ve of k(d). What is v(5)?
-7
Let z(g) = -g**3 - g**2 - g + 5. Suppose -2*b = -4*b. Suppose b = 2*n + n. Determine z(n).
5
Let o(m) = 3 - 1 + m + m - m**2. Suppose -2*h + 8 + 4 = -4*f, 3*f + 3 = 0. Give o(h).
-6
Let k(c) be the second derivative of -c**3/6 - 3*c**2/2 - c. Let y be k(-3). Let p(z) be the first derivative of z**2/2 + 3*z + 3. Determine p(y).
3
Let n(i) = -2*i**3 + 2*i**2 - 3*i + 2. Let a = 9 + -10. Let v = a + 3. Give n(v).
-12
Let u(m) be the third derivative of m**5/60 + m**4/24 - m**3/2 - 5*m**2. Let s = 1 - 1. What is u(s)?
-3
Let c(a) = 2*a**2 - a. Let g be (-6)/(-10) - (-15)/(-25). Let b = -1 - g. What is c(b)?
3
Let b(l) = -2*l**2 + 2*l + 4. Suppose 11*z - 12*z + 3 = 0. What is b(z)?
-8
Suppose 0 = 3*u - 20 + 17. Let p(q) = -14*q. What is p(u)?
-14
Suppose 0 = -2*x - 3 + 7. Let s be (-42)/8 - x/(-8). Let h(d) = -2*d + 2. Let f(w) = 3*w - 3. Let l(g) = 3*f(g) + 4*h(g). What is l(s)?
-6
Let k(c) = -c**2 - 4*c + 1. Let p = -5 + 8. Suppose 65 = p*y + 2. Let n be y/(-4) - 1/(-4). Calculate k(n).
-4
Let t(x) = x**3 - 5*x**2 - 8*x + 7. Let f(z) = 5 + 7 + z + 5 - 5. Let j be f(-6). Calculate t(j).
-5
Let w(z) be the third derivative of z**5/60 + 5*z**4/24 - z**3/2 + 10*z**2. Determine w(-5).
-3
Let p = -1763/12 + 147. Let f(l) be the third derivative of 0 - p*l**4 + 0*l**3 + 2*l**2 + 0*l. Give f(-5).
10
Let p(n) = 22 - 2*n + n - 38. Calculate p(-7).
-9
Let y(u) = -u**2 - 10*u + 10. Let o be y(-11). Let r(a) = 1. Suppose v = -1 + 5. Let b(k) = k**2 + k - 5. Let g(i) = v*r(i) + b(i). Calculate g(o).
-1
Let i(a) be the third derivative of 1/6*a**3 + 0*a**4 + 3*a**2 + 0*a - 1/60*a**5 + 0 + 1/120*a**6. Give i(0).
1
Let t(r) = r - 10. Let d be t(8). Let y(c) be the third derivative of 5*c**4/24 + c**3/3 + 2*c**2. Determine y(d).
-8
Let j(z) = 13*z**3 - z**2 - 8*z - 6. Let n(p) = 13*p**3 - p**2 - 7*p - 5. Let h(u) = -6*j(u) + 7*n(u). What is h(1)?
12
Let z(s) be the second derivative of 3*s**5/10 + s**4/12 + s**3/6 + s**2/2 - 2*s. Give z(-1).
-5
Let j(r) = -r**2 + 8*r - 2. Let o be j(7). Suppose v - 2 = -o. Let c = v + -2. Let b(z) = z**3 + 5*z**2 - z - 3. Give b(c).
2
Suppose -3*v = -2*v - 2. Let k(r) be the first derivative of -r**4/4 + 2*r + 19. Determine k(v).
-6
Let m(i) be the second derivative of -i**4/24 - i**3/6 - i**2/2 - i. Let n(j) be the first derivative of m(j). Determine n(4).
-5
Let s(w) be the third derivative of -w**6/120 + w**5/20 + w**4/8 - 2*w**3/3 - 7*w**2. Give s(3).
5
Let f(m) = -2*m**2 - m**3 - 4 + 6 - 2*m + 3*m**2 + 0*m. Calculate f(2).
-6
Let i(q) = q**3 + q**2 + 8. Let a be 2/(-8)*(-13 - -5). Suppose -h - 2 = -a*u, -u + 3 = 4*h + 2. Give i(h).
8
Let c(z) = z**2. Let m = 9 - 13. Let r(v) = v**2 + 6*v + 5. Let l be r(m). Let a = l - -1. Calculate c(a).
4
Let i = 13 - 8. Suppose j + i*b + 17 - 4 = 0, -2*b = 3*j + 13. Let v(k) = 2*k**2 + 3*k - 4. What is v(j)?
5
Let j(w) = -w**3 - 5*w**2 - 4*w + 4. Let i(h) = h**3 - 1. Let c be i(0). Let x be (-4)/4 - (c + 4). Determine j(x).
4
Let v(d) = -11*d - 1. Let s(q) = q**2 - 8*q + 6. Let f be s(7). Give v(f).
10
Let l(m) = m - 3. Let n be l(3). Suppose -3*y + w = -7, -2*y - w + 8 = -n*y. Suppose -y*q - 4 = -10. Let d(z) = -z**3 + 2*z**2 + 3*z - 1. Determine d(q).
5
Let l(b) = b**3 + b**2 - b. Let o(q) = -q**2 - 4*q + 4. Let y be o(-4). Suppose -2 + 6 = y*x. Give l(x).
1
Let w(b) = -2*b + 2. Let j(m) = 2*m - 2. Let g(a) = 3*j(a) + 2*w(a). What is g(-7)?
-16
Let d(i) = -i**3 + i**2 + 2. Let f be d(0). Let k(c) = -c**2 + 3 - 4*c + f*c**2 - 6. Suppose 0*o + 3*o + 5*y = 0, -5*o + 5*y = -40. Give k(o).
2
Let c = 15 + -12. Let a(t) be the third derivative of 1/12*t**4 + 0 + 1/20*t**5 + 0*t - 1/120*t**6 + t**2 + 1/3*t**c. What is a(3)?
8
Suppose -4*q - 7 = -5*q. Let h(t) = t**2 - 7*t + 9. Let z be h(q). Suppose -f = z - 6. Let v(w) = -2*w**2 - 2*w + 3. What is v(f)?
-9
Let l(n) = n - 2. Let w(x) = -2*x - 6. Let a be w(-7). Let c(v) = -v**3 - 9*v**2 - 2*v + 2. Let o be c(-9). Let m be (9 - -1)*a/o. Give l(m).
2
Let m(i) = i**3 - i**2 - 3*i - 1. Suppose -r = 0, 3*x - 2*x = 4*r + 5. Suppose x*a - 20 = 5*n, -2*a + n = 5*n - 2. What is m(a)?
8
Let h(c) = -4*c + 1 + 4*c + c**2. Let b = -1 + 7. Let n = -8 + b. Give h(n).
5
Let a be (-3)/(-2)*(-22)/(-33). Let j(s) = 8*s**3 + s**2 - s. Determine j(a).
8
Let t(z) = z + 1. Let i = -23 + 41. Let q be 6/i - 38/6. Give t(q).
-5
Suppose 4*r - 4*f + 12 = -f, 0 = -5*r - 2*f - 15. Let i(w) = -w**2 - 4*w - 1. Give i(r).
2
Let v(t) = t**3 + 3*t**2 - t - 3. Suppose 5*p - 9 = -4. Let o be (p*-3*1)/1. What is v(o)?
0
Let q(p) = -2*p - 2*p + 0 + p**2 - 3. Let n(f) = -f**2 - 3*f - 6. Let b be n(-5). Let g be (b/6)/(2/(-3)). Determine q(g).
-3
Let r = -514 - -299. Let a be r/(-45) - (-4)/18. Let l(z) = z**2 - 5*z + 7. Give l(a).
7
Let h(c) be the first derivative of -13*c**4/4 - c**3/3 + c**2/2 + 7. Let b(p) = -3*p**3 - p**2 + p + 1. Let d be b(-1). Suppose 3*y - y = d. Give h(y).
-13
Let r(g) be the first derivative of -3*g**2 - 2*g - 38. Calculate r(-2).
10
Let p(o) = -o**2 + 3*o + 1. Let u be (-54)/(-13) + (-32)/208. Give p(u).
-3
Let p(r) = -r - 3. Let d = -76 + 70. Determine p(d).
3
Let z(b) = 3*b**2 + 8*b + 23. Let y(h) = h**2 + 3*h + 8. Let w(a) = 11*y(a) - 4*z(a). Give w(4).
-16
Let k(j) be the second derivative of -j**3/2 + j**2 + j. Let r = 12 - 72. Let v be r/(-27) + 4/(-18). Calculate k(v).
-4
Let q be 2322/189 - (-4)/(-14). Let d(j) = j**2 - 12*j + 2. Determine d(q).
2
Let f(u) be the first derivative of -u**2/2 + 2*u + 6. Calculate f(1).
1
Let b(l) be the first derivative of 7/3*l**3 - 1/4*l**4 - 2 - 7*l + l**2. Calculate b(7).
7
Let f(b) be the first derivative of -3/2*b**2 + 4/3*b**3 - 1/2*b**4 - 3 + 2*b. What is f(2)?
-4
Let z(g) = -g + 2. Let j(x) = 1. Let y(o) = 4*j(o) + z(o). Calculate y(-5).
11
Let k(r) = -8*r. Let l(w) be the first derivative of w**4/24 + w**3/6 - w**2/2 + 2. Let x(n) be the second derivative of l(n). Let v be x(-2). Determine k(v).
8
Let m(l) = 4 + 3*l - 5*l + 2*l**2 - 3*l**2. Give m(-3).
1
Let x(y) = -y**2 + 10*y - 5. Let p(o) be the first derivative of -2 - 5*o - 1/3*o**3 + 9/2*o**2. Let q(m) = -5*p(m) + 4*x(m). Give q(4).
1
Let s(b) = -b**3 - 3*b**2 - 2*b + 2. Suppose -2*l - 6 + 2 = 0. What is s(l)?
2
Suppose -5*q = -3 - 22. Let m = -2 + q. Let t(l) = l**3 - 3*l**2 + 3*l - 1. Calculate t(m).
8
Let r(x) be the third derivative of -x**4/8 + 5*x**3/6 + 7*x**2. Calculate r(4).
-7
Let f be 6 + 3 - 5 - (-1 - 1). Let u(x) be the third derivative of x**4/12 - x**3/3 - x**2. Give u(f).
10
Let i(t) = -t**3 + 4*t**2 - 4*t + 2. Suppose 4*j = 5*l - 27, 2*j + 6 + 9 = 3*l. Let m be i(l). Let h be (-2)/(2/(-2)*m). Let r(k) = -4*k. Calculate r(h).
8
Let i = 6 - 2. Let f(t) = -3*t + t**2 + t - i*t + 6. Calculate f(5).
1
Let h(v) = -5*v. Let c be (-2)/(-3) + 5/(-3). Calculate h(c).
5
Let x(t) = -3*t**3 + t**2 - 9*t + 3. Let s(q) = q**3 - q**2 + q - 1. Let h(v) = -4*s(v) - x(v). Determine h(4).
5
Let m(z) = -z**2 + 5*z - 7. Let k be (-2)/6 - -12*8/18. Calculate m(k).
-7
Let n(h) = h**2 + 2. Let l = -5 - 2. Let k = 11 + l. Suppose 0 = -0*a - k*a - 8. Determine n(a).
6
Let r be (-4)/(8/14)*1. Let z(m) = m**3 + 6*m**2 - 6*m. Give z(r).
-7
Let v(x) = 2*x + 4. Let p be (2 + -5)/((-3)/19). Suppose -5*r - 6 - p = 0. Give v(r).
-6
Let h(k) = -k + 2. Let z(o) = 3*o - 5. Suppose -5 = -n + 3. Let f(d) = n*h(d) + 3*z(d). Give f(-5).
-4
Let r be (1 + 0 + (-6)/(-4))*-2. Let q(y) = -3*y - 3. What is q(r)?
12
Suppose 3*v + 3 = -3*u, v + 13 = -0*u - 5*u. Let z(h) = h**2 - 5*h + 2. Let j be z(5). Let p(o) = j + o + 0*o - 3*o. Determine p(v).
-2
Suppose -3*p + 15 = -0. Let y(z) = 2 + z**3 - z**2 - 4*z - 4*z**2 + 3*z. Determine y(p).
-3
Let q(n) be the first derivative of -n**3/3 + n**2/2 + 5*n + 3. Suppose -5*k = -4*b, 2*k + b = 3*k + 1. Determine q(k).
-7
Let j = 129 - 133. Let s(l) = 1 + l**2 + 4*l - 4*l + l. Give s(j).
13
Suppose -5 - 4 = -3*k. Let p(s) = 2 + k - 6 - 5*s. Let d = 1 - 2. What is p(d)?
4
Let m(j) = 5*j - 11*j - 6 + 5*j. Let d(o) = -o**2 - 5*o - 4. Let h be d(-5). Determine m(h).
-2
Let p(s) = -s**3 - 3*s**2 + 2. Let a be 1*(1/1 + -1). Suppose 10 = -y + 2*m, 4*y + m + 4 + 0 = a. Give p(y).
-2
Let u(v) = 17*v - 32. Let r(l) = -9*l + 17. Let h(j) = -11*r(j) - 6*u(j). Determine h(4).
-7
Let g(o) = -o**2 + 5*o + 7. Let f be g(6). Let